the prime factors of 1450555353.
3, 13, 12397909
List the prime factors of 4762900698.
2, 3, 31, 25606993
List the prime factors of 936133643.
6367, 147029
What are the prime factors of 3411878447?
37, 269, 342799
List the prime factors of 43819074.
2, 3, 13, 271, 691
List the prime factors of 50559333.
3, 11, 199, 7699
List the prime factors of 709170307.
19, 307, 121579
What are the prime factors of 1488532366?
2, 1481, 502543
List the prime factors of 254572193.
254572193
What are the prime factors of 51014042?
2, 17, 1500413
What are the prime factors of 449643335?
5, 1597, 56311
List the prime factors of 106728683.
37, 2884559
What are the prime factors of 111890830?
2, 5, 101, 139, 797
List the prime factors of 2405986728.
2, 3, 53, 1891499
What are the prime factors of 300147104?
2, 17, 19, 71, 409
List the prime factors of 82257538.
2, 11, 43, 89, 977
What are the prime factors of 268057439?
13, 20619803
List the prime factors of 314748125.
5, 139, 3623
List the prime factors of 1107228308.
2, 276807077
List the prime factors of 215464966.
2, 23, 367, 12763
List the prime factors of 34131336.
2, 3, 43, 33073
What are the prime factors of 483193448?
2, 17, 3552893
List the prime factors of 266942731.
11, 103, 235607
List the prime factors of 1595012483.
1595012483
List the prime factors of 1122131185.
5, 7, 32060891
What are the prime factors of 369522163?
23, 16066181
List the prime factors of 120313943.
23, 5231041
What are the prime factors of 1227078722?
2, 197, 491, 6343
List the prime factors of 9021780093.
3, 59, 2029, 25121
List the prime factors of 63496572.
2, 3, 1987, 2663
List the prime factors of 13887298.
2, 101, 68749
List the prime factors of 65170846.
2, 13, 2506571
List the prime factors of 1791771777.
3, 199085753
List the prime factors of 358826032.
2, 4337, 5171
List the prime factors of 21482134.
2, 233, 46099
What are the prime factors of 62380939?
17, 215851
What are the prime factors of 992544407?
997, 995531
What are the prime factors of 137479871?
137479871
List the prime factors of 5300712.
2, 3, 83, 887
What are the prime factors of 82244289?
3, 59, 131, 3547
What are the prime factors of 32896344?
2, 3, 13, 105437
List the prime factors of 416096399.
416096399
List the prime factors of 34440869.
1423, 24203
List the prime factors of 874486810.
2, 5, 1061, 82421
List the prime factors of 1240184594.
2, 11, 29, 1943863
What are the prime factors of 1498156?
2, 11, 79, 431
List the prime factors of 65021078.
2, 19, 1711081
What are the prime factors of 286334270?
2, 5, 1151, 24877
List the prime factors of 4910768617.
23, 157, 1359947
What are the prime factors of 1126178583?
3, 17, 19, 37, 101, 311
List the prime factors of 4970553.
3, 7, 23, 41, 251
List the prime factors of 58663235.
5, 11732647
List the prime factors of 5282223955.
5, 1056444791
List the prime factors of 2225496854.
2, 7, 4337, 36653
List the prime factors of 157987907.
7, 11, 19, 15427
List the prime factors of 24846565.
5, 4969313
List the prime factors of 2513277465.
3, 5, 199, 4231
List the prime factors of 4980583733.
4980583733
List the prime factors of 31656835.
5, 7, 29, 31189
What are the prime factors of 2352682046?
2, 11, 13, 8226161
What are the prime factors of 16605796?
2, 271, 15319
List the prime factors of 1301237859.
3, 29, 14956757
What are the prime factors of 35788435?
5, 37, 193451
What are the prime factors of 88738965?
3, 5, 7, 41, 6871
What are the prime factors of 55747094?
2, 13, 59, 36341
List the prime factors of 454084564.
2, 103, 1102147
List the prime factors of 394033523.
13, 233, 130087
What are the prime factors of 2240184703?
9587, 233669
What are the prime factors of 267585202?
2, 17, 1201, 6553
What are the prime factors of 297440417?
43, 59, 117241
List the prime factors of 2655816085.
5, 13, 29, 971, 1451
List the prime factors of 174470441.
127, 269, 5107
List the prime factors of 2093486374.
2, 7, 149534741
What are the prime factors of 1818345640?
2, 5, 193, 235537
List the prime factors of 401933059.
11, 71, 514639
What are the prime factors of 4759226909?
47, 151, 670597
What are the prime factors of 60979873?
19, 3209467
What are the prime factors of 274499797?
11, 13, 41, 46819
What are the prime factors of 133039964?
2, 53, 627547
List the prime factors of 771544422.
2, 3, 11, 17, 229217
List the prime factors of 467699844.
2, 3, 59, 660593
List the prime factors of 4349580752.
2, 11, 157, 157411
List the prime factors of 260355107.
1973, 131959
List the prime factors of 1362513388.
2, 340628347
List the prime factors of 4242600368.
2, 113, 443, 5297
What are the prime factors of 639044687?
639044687
What are the prime factors of 19288881?
3, 23, 89, 349
List the prime factors of 2392741373.
11, 5101, 42643
List the prime factors of 212850731.
43, 109, 45413
What are the prime factors of 314376135?
3, 5, 101, 207509
List the prime factors of 403793482.
2, 191, 1057051
List the prime factors of 147462048.
2, 3, 512021
List the prime factors of 122889255.
3, 5, 47, 174311
What are the prime factors of 6226219?
41, 181, 839
What are the prime factors of 6906677?
6906677
List the prime factors of 115542614.
2, 11, 821, 6397
List the prime factors of 35411001.
3, 29, 407023
List the prime factors of 44030920.
2, 5, 1100773
List the prime factors of 8033949260.
2, 5, 181, 2219323
List the prime factors of 73359184.
2, 59, 77711
List the prime factors of 2410555393.
151, 2371, 6733
What are the prime factors of 107416639?
11, 59, 165511
List the prime factors of 440777145.
3, 5, 599, 49057
What are the prime factors of 323595680?
2, 5, 17, 271, 439
List the prime factors of 251054416.
2, 79, 83, 2393
List the prime factors of 40153114.
2, 20076557
List the prime factors of 427913278.
2, 13, 16458203
What are the prime factors of 242077668?
2, 3, 7, 23, 125299
What are the prime factors of 34788211?
457, 76123
What are the prime factors of 38359842?
2, 3, 127, 50341
List the prime factors of 72218739.
3, 811, 29683
What are the prime factors of 71640285?
3, 5, 23, 207653
What are the prime factors of 3281560786?
2, 7, 71, 3301369
What are the prime factors of 135161255?
5, 43, 97, 6481
List the prime factors of 400401573.
3, 11, 13, 19, 49123
What are the prime factors of 6001860519?
3, 666873391
List the prime factors of 6033835289.
6033835289
List the prime factors of 94255764.
2, 3, 587, 13381
What are the prime factors of 213498174?
2, 3, 19, 29, 64579
What are the prime factors of 646693925?
5, 2213, 11689
List the prime factors of 1050791664.
2, 3, 13, 419, 4019
What are the prime factors of 6374838356?
2, 23741, 67129
List the prime factors of 27015857.
11, 2455987
What are the prime factors of 209758132?
2, 41, 1279013
List the prime factors of 192464759.
23, 8368033
What are the prime factors of 622778899?
622778899
List the prime factors of 904920431.
79, 11454689
List the prime factors of 2893741756.
2, 723435439
What are the prime factors of 309350069?
7, 23, 967, 1987
What are the prime factors of 45497013?
3, 23, 37, 71, 251
What are the prime factors of 8351800?
2, 5, 41759
List the prime factors of 66922505.
5, 13, 1029577
List the prime factors of 37702442.
2, 18851221
What are the prime factors of 12838685?
5, 79, 32503
List the prime factors of 183787765.
5, 7, 17, 308887
List the prime factors of 53449800.
2, 3, 5, 89083
List the prime factors of 53910867.
3, 17970289
List the prime factors of 301028376.
2, 3, 11, 313, 3643
List the prime factors of 176329719.
3, 2111, 9281
What are the prime factors of 7793529562?
2, 7, 13, 71, 139, 4339
What are the prime factors of 463641020?
2, 5, 1459, 15889
What are the prime factors of 769749483?
3, 277, 926293
List the prime factors of 1702793973.
3, 47, 12076553
List the prime factors of 260071421.
67, 113, 34351
What are the prime factors of 1280247376?
2, 127, 630043
What are the prime factors of 5202257609?
37, 140601557
List the prime factors of 2541590214.
2, 3, 19, 163, 136777
What are the prime factors of 78475134?
2, 3, 97, 134837
List the prime factors of 823058590.
2, 5, 131, 628289
What are the prime factors of 301530253?
23, 181, 72431
List the prime factors of 174913887.
3, 1429, 40801
What are the prime factors of 27851